{"version":"1.0","provider_name":"Krav Maga Caen","provider_url":"https:\/\/kravmagacaen.com","author_name":"Christophe","author_url":"https:\/\/kravmagacaen.com\/index.php\/author\/admindoudou\/","title":"Rentr\u00e9e septembre 2019 - Krav Maga Caen","type":"rich","width":600,"height":338,"html":"<blockquote class=\"wp-embedded-content\" data-secret=\"zmVPds8KCp\"><a href=\"https:\/\/kravmagacaen.com\/index.php\/2019\/08\/28\/rentree-septembre-2019\/\">Rentr\u00e9e septembre 2019<\/a><\/blockquote><iframe sandbox=\"allow-scripts\" security=\"restricted\" src=\"https:\/\/kravmagacaen.com\/index.php\/2019\/08\/28\/rentree-septembre-2019\/embed\/#?secret=zmVPds8KCp\" width=\"600\" height=\"338\" title=\"\u00ab\u00a0Rentr\u00e9e septembre 2019\u00a0\u00bb &#8212; Krav Maga Caen\" data-secret=\"zmVPds8KCp\" frameborder=\"0\" marginwidth=\"0\" marginheight=\"0\" scrolling=\"no\" class=\"wp-embedded-content\"><\/iframe><script type=\"text\/javascript\">\n\/* <![CDATA[ *\/\n\/*! This file is auto-generated *\/\n!function(d,l){\"use strict\";l.querySelector&&d.addEventListener&&\"undefined\"!=typeof URL&&(d.wp=d.wp||{},d.wp.receiveEmbedMessage||(d.wp.receiveEmbedMessage=function(e){var t=e.data;if((t||t.secret||t.message||t.value)&&!\/[^a-zA-Z0-9]\/.test(t.secret)){for(var s,r,n,a=l.querySelectorAll('iframe[data-secret=\"'+t.secret+'\"]'),o=l.querySelectorAll('blockquote[data-secret=\"'+t.secret+'\"]'),c=new RegExp(\"^https?:$\",\"i\"),i=0;i<o.length;i++)o[i].style.display=\"none\";for(i=0;i<a.length;i++)s=a[i],e.source===s.contentWindow&&(s.removeAttribute(\"style\"),\"height\"===t.message?(1e3<(r=parseInt(t.value,10))?r=1e3:~~r<200&&(r=200),s.height=r):\"link\"===t.message&&(r=new URL(s.getAttribute(\"src\")),n=new URL(t.value),c.test(n.protocol))&&n.host===r.host&&l.activeElement===s&&(d.top.location.href=t.value))}},d.addEventListener(\"message\",d.wp.receiveEmbedMessage,!1),l.addEventListener(\"DOMContentLoaded\",function(){for(var e,t,s=l.querySelectorAll(\"iframe.wp-embedded-content\"),r=0;r<s.length;r++)(t=(e=s[r]).getAttribute(\"data-secret\"))||(t=Math.random().toString(36).substring(2,12),e.src+=\"#?secret=\"+t,e.setAttribute(\"data-secret\",t)),e.contentWindow.postMessage({message:\"ready\",secret:t},\"*\")},!1)))}(window,document);\n\/\/# sourceURL=https:\/\/kravmagacaen.com\/wp-includes\/js\/wp-embed.min.js\n\/* ]]> *\/\n<\/script>\n","description":"Rentr\u00e9e Krav Maga Caen , le Lundi 2 septembre 2019 , cours de 19h \u00e0 20h30. accueil \u00e0 partir de 18h30 toutes les informations sur la page \u00ab\u00a0cours\u00ab\u00a0. \u00a0tenue officielle pour les anciens licenci\u00e9s ou de sport pour les d\u00e9butants. les cours se d\u00e9roulent pieds nus. bouteille d&rsquo;eau, serviettes. Pour d\u00e9couvrir le Krav Maga, voici [&hellip;]","thumbnail_url":"https:\/\/kravmagacaen.com\/wp-content\/uploads\/2019\/08\/KRAV-MAGA-AFFICHE-2019-2020-212x300.jpg"}

Rentrée septembre 2019 - Krav Maga Caen

<blockquote class="wp-embedded-content" data-secret="zmVPds8KCp"><a href="https://kravmagacaen.com/index.php/2019/08/28/rentree-septembre-2019/">Rentrée septembre 2019</a></blockquote><iframe sandbox="allow-scripts" security="restricted" src="https://kravmagacaen.com/index.php/2019/08/28/rentree-septembre-2019/embed/#?secret=zmVPds8KCp" width="600" height="338" title="« Rentrée septembre 2019 » &#8212; Krav Maga Caen" data-secret="zmVPds8KCp" frameborder="0" marginwidth="0" marginheight="0" scrolling="no" class="wp-embedded-content"></iframe><script type="text/javascript">
/* <![CDATA[ */
/*! This file is auto-generated */
!function(d,l){"use strict";l.querySelector&&d.addEventListener&&"undefined"!=typeof URL&&(d.wp=d.wp||{},d.wp.receiveEmbedMessage||(d.wp.receiveEmbedMessage=function(e){var t=e.data;if((t||t.secret||t.message||t.value)&&!/[^a-zA-Z0-9]/.test(t.secret)){for(var s,r,n,a=l.querySelectorAll('iframe[data-secret="'+t.secret+'"]'),o=l.querySelectorAll('blockquote[data-secret="'+t.secret+'"]'),c=new RegExp("^https?:$","i"),i=0;i<o.length;i++)o[i].style.display="none";for(i=0;i<a.length;i++)s=a[i],e.source===s.contentWindow&&(s.removeAttribute("style"),"height"===t.message?(1e3<(r=parseInt(t.value,10))?r=1e3:~~r<200&&(r=200),s.height=r):"link"===t.message&&(r=new URL(s.getAttribute("src")),n=new URL(t.value),c.test(n.protocol))&&n.host===r.host&&l.activeElement===s&&(d.top.location.href=t.value))}},d.addEventListener("message",d.wp.receiveEmbedMessage,!1),l.addEventListener("DOMContentLoaded",function(){for(var e,t,s=l.querySelectorAll("iframe.wp-embedded-content"),r=0;r<s.length;r++)(t=(e=s[r]).getAttribute("data-secret"))||(t=Math.random().toString(36).substring(2,12),e.src+="#?secret="+t,e.setAttribute("data-secret",t)),e.contentWindow.postMessage({message:"ready",secret:t},"*")},!1)))}(window,document);
//# sourceURL=https://kravmagacaen.com/wp-includes/js/wp-embed.min.js
/* ]]> */
</script>

Rentrée Krav Maga Caen , le Lundi 2 septembre 2019 , cours de 19h à 20h30. accueil à partir de 18h30 toutes les informations sur la page « cours« .  tenue officielle pour les anciens licenciés ou de sport pour les débutants. les cours se déroulent pieds nus. bouteille d&rsquo;eau, serviettes. Pour découvrir le Krav Maga, voici [&hellip;]
