{"version":"1.0","provider_name":"Krav Maga Caen","provider_url":"https:\/\/kravmagacaen.com","author_name":"Christophe","author_url":"https:\/\/kravmagacaen.com\/index.php\/author\/admindoudou\/","title":"SOIR\u00c9E KRAV MAGA CAEN 2023 - Krav Maga Caen","type":"rich","width":600,"height":338,"html":"<blockquote class=\"wp-embedded-content\" data-secret=\"3RdNIqC7tS\"><a href=\"https:\/\/kravmagacaen.com\/index.php\/2023\/11\/05\/soiree-krav-maga-caen-2023\/\">SOIR\u00c9E KRAV MAGA CAEN 2023<\/a><\/blockquote><iframe sandbox=\"allow-scripts\" security=\"restricted\" src=\"https:\/\/kravmagacaen.com\/index.php\/2023\/11\/05\/soiree-krav-maga-caen-2023\/embed\/#?secret=3RdNIqC7tS\" width=\"600\" height=\"338\" title=\"\u00ab\u00a0SOIR\u00c9E KRAV MAGA CAEN 2023\u00a0\u00bb &#8212; Krav Maga Caen\" data-secret=\"3RdNIqC7tS\" frameborder=\"0\" marginwidth=\"0\" marginheight=\"0\" scrolling=\"no\" class=\"wp-embedded-content\"><\/iframe><script type=\"text\/javascript\">\n\/* <![CDATA[ *\/\n\/*! This file is auto-generated *\/\n!function(d,l){\"use strict\";l.querySelector&&d.addEventListener&&\"undefined\"!=typeof URL&&(d.wp=d.wp||{},d.wp.receiveEmbedMessage||(d.wp.receiveEmbedMessage=function(e){var t=e.data;if((t||t.secret||t.message||t.value)&&!\/[^a-zA-Z0-9]\/.test(t.secret)){for(var s,r,n,a=l.querySelectorAll('iframe[data-secret=\"'+t.secret+'\"]'),o=l.querySelectorAll('blockquote[data-secret=\"'+t.secret+'\"]'),c=new RegExp(\"^https?:$\",\"i\"),i=0;i<o.length;i++)o[i].style.display=\"none\";for(i=0;i<a.length;i++)s=a[i],e.source===s.contentWindow&&(s.removeAttribute(\"style\"),\"height\"===t.message?(1e3<(r=parseInt(t.value,10))?r=1e3:~~r<200&&(r=200),s.height=r):\"link\"===t.message&&(r=new URL(s.getAttribute(\"src\")),n=new URL(t.value),c.test(n.protocol))&&n.host===r.host&&l.activeElement===s&&(d.top.location.href=t.value))}},d.addEventListener(\"message\",d.wp.receiveEmbedMessage,!1),l.addEventListener(\"DOMContentLoaded\",function(){for(var e,t,s=l.querySelectorAll(\"iframe.wp-embedded-content\"),r=0;r<s.length;r++)(t=(e=s[r]).getAttribute(\"data-secret\"))||(t=Math.random().toString(36).substring(2,12),e.src+=\"#?secret=\"+t,e.setAttribute(\"data-secret\",t)),e.contentWindow.postMessage({message:\"ready\",secret:t},\"*\")},!1)))}(window,document);\n\/\/# sourceURL=https:\/\/kravmagacaen.com\/wp-includes\/js\/wp-embed.min.js\n\/* ]]> *\/\n<\/script>\n","description":"Nous vous attendons cette ann\u00e9e au \u00ab CAF\u00c9 SAINT PIERRE \u00bb (135, Rue Saint Pierre \u00e0 Caen) pour un ap\u00e9ritif d\u00eenatoire, le samedi 16 D\u00e9cembre 2023 \u00e0 partir de 20H30 Ouvert aux licenci\u00e9(e)s et conjoint(e)s de Krav Maga Caen.Tarif unique : 25\u20ac par personne Comprenant au menu: INSCRIPTION UNIQUEMENT PENDANT LES COURS(Mercredi 6 d\u00e9cembre dernier [&hellip;]","thumbnail_url":"https:\/\/kravmagacaen.com\/wp-content\/uploads\/2023\/11\/affiche-Soiree-krav-maga-caen-16dec2023.jpg","thumbnail_width":1240,"thumbnail_height":1754}

SOIRÉE KRAV MAGA CAEN 2023 - Krav Maga Caen

<blockquote class="wp-embedded-content" data-secret="3RdNIqC7tS"><a href="https://kravmagacaen.com/index.php/2023/11/05/soiree-krav-maga-caen-2023/">SOIRÉE KRAV MAGA CAEN 2023</a></blockquote><iframe sandbox="allow-scripts" security="restricted" src="https://kravmagacaen.com/index.php/2023/11/05/soiree-krav-maga-caen-2023/embed/#?secret=3RdNIqC7tS" width="600" height="338" title="« SOIRÉE KRAV MAGA CAEN 2023 » &#8212; Krav Maga Caen" data-secret="3RdNIqC7tS" frameborder="0" marginwidth="0" marginheight="0" scrolling="no" class="wp-embedded-content"></iframe><script type="text/javascript">
/* <![CDATA[ */
/*! This file is auto-generated */
!function(d,l){"use strict";l.querySelector&&d.addEventListener&&"undefined"!=typeof URL&&(d.wp=d.wp||{},d.wp.receiveEmbedMessage||(d.wp.receiveEmbedMessage=function(e){var t=e.data;if((t||t.secret||t.message||t.value)&&!/[^a-zA-Z0-9]/.test(t.secret)){for(var s,r,n,a=l.querySelectorAll('iframe[data-secret="'+t.secret+'"]'),o=l.querySelectorAll('blockquote[data-secret="'+t.secret+'"]'),c=new RegExp("^https?:$","i"),i=0;i<o.length;i++)o[i].style.display="none";for(i=0;i<a.length;i++)s=a[i],e.source===s.contentWindow&&(s.removeAttribute("style"),"height"===t.message?(1e3<(r=parseInt(t.value,10))?r=1e3:~~r<200&&(r=200),s.height=r):"link"===t.message&&(r=new URL(s.getAttribute("src")),n=new URL(t.value),c.test(n.protocol))&&n.host===r.host&&l.activeElement===s&&(d.top.location.href=t.value))}},d.addEventListener("message",d.wp.receiveEmbedMessage,!1),l.addEventListener("DOMContentLoaded",function(){for(var e,t,s=l.querySelectorAll("iframe.wp-embedded-content"),r=0;r<s.length;r++)(t=(e=s[r]).getAttribute("data-secret"))||(t=Math.random().toString(36).substring(2,12),e.src+="#?secret="+t,e.setAttribute("data-secret",t)),e.contentWindow.postMessage({message:"ready",secret:t},"*")},!1)))}(window,document);
//# sourceURL=https://kravmagacaen.com/wp-includes/js/wp-embed.min.js
/* ]]> */
</script>

Nous vous attendons cette année au « CAFÉ SAINT PIERRE » (135, Rue Saint Pierre à Caen) pour un apéritif dînatoire, le samedi 16 Décembre 2023 à partir de 20H30 Ouvert aux licencié(e)s et conjoint(e)s de Krav Maga Caen.Tarif unique : 25€ par personne Comprenant au menu: INSCRIPTION UNIQUEMENT PENDANT LES COURS(Mercredi 6 décembre dernier [&hellip;]
