{"id":41,"date":"2017-06-27T11:00:41","date_gmt":"2017-06-27T09:00:41","guid":{"rendered":"http:\/\/kravmagacaen.com\/?page_id=41"},"modified":"2017-11-04T11:52:53","modified_gmt":"2017-11-04T10:52:53","slug":"news_bis","status":"publish","type":"page","link":"https:\/\/kravmagacaen.com\/index.php\/news_bis\/","title":{"rendered":"News bis"},"content":{"rendered":"<h5 id=\"toussaint2017\">Vacances scolaire de la Toussaint 2017<\/h5>\n<p><img loading=\"lazy\" decoding=\"async\" class=\"wp-image-613 alignleft\" src=\"https:\/\/kravmagacaen.com\/wp-content\/uploads\/2017\/06\/attention-300x250.png\" alt=\"\" width=\"87\" height=\"73\" srcset=\"https:\/\/kravmagacaen.com\/wp-content\/uploads\/2017\/06\/attention-300x250.png 300w, https:\/\/kravmagacaen.com\/wp-content\/uploads\/2017\/06\/attention-230x191.png 230w, https:\/\/kravmagacaen.com\/wp-content\/uploads\/2017\/06\/attention-350x291.png 350w, https:\/\/kravmagacaen.com\/wp-content\/uploads\/2017\/06\/attention.png 400w\" sizes=\"auto, (max-width: 87px) 100vw, 87px\" \/><\/p>\n<p>&nbsp;<\/p>\n<p>Pas de cours du lundi 30 octobre au vendredi 3 novembre 2017<\/p>\n<p>&nbsp;<\/p>\n<p style=\"text-align: center;\">\u00a0<strong>&#8212;&#8212;&#8212;&#8212;&#8212;&#8212;&#8212;-<\/strong><\/p>\n<p>&nbsp;<\/p>\n<h5 id=\"connejeronov2017\">Stage Franck CONEJERO 18\/19 novembre 2017<\/h5>\n<p><img loading=\"lazy\" decoding=\"async\" class=\"alignnone wp-image-593\" src=\"https:\/\/kravmagacaen.com\/wp-content\/uploads\/2017\/06\/Franck-CONEJERO-300x195.jpg\" alt=\"\" width=\"535\" height=\"348\" srcset=\"https:\/\/kravmagacaen.com\/wp-content\/uploads\/2017\/06\/Franck-CONEJERO-300x195.jpg 300w, https:\/\/kravmagacaen.com\/wp-content\/uploads\/2017\/06\/Franck-CONEJERO-768x499.jpg 768w, https:\/\/kravmagacaen.com\/wp-content\/uploads\/2017\/06\/Franck-CONEJERO-830x540.jpg 830w, https:\/\/kravmagacaen.com\/wp-content\/uploads\/2017\/06\/Franck-CONEJERO-230x150.jpg 230w, https:\/\/kravmagacaen.com\/wp-content\/uploads\/2017\/06\/Franck-CONEJERO-350x228.jpg 350w, https:\/\/kravmagacaen.com\/wp-content\/uploads\/2017\/06\/Franck-CONEJERO-480x312.jpg 480w, https:\/\/kravmagacaen.com\/wp-content\/uploads\/2017\/06\/Franck-CONEJERO.jpg 960w\" sizes=\"auto, (max-width: 535px) 100vw, 535px\" \/><\/p>\n<p>Second stage anim\u00e9 par <strong>Franck CONEJERO<\/strong> en Normandie.<\/p>\n<p>2 jours de stage organis\u00e9s par les clubs du <strong><em><a href=\"https:\/\/www.facebook.com\/krav.maga.le.mesnil.mauger\/\" target=\"_blank\" rel=\"noopener\">Mesnil Mauger<\/a><\/em><\/strong>, de <strong><em><a href=\"https:\/\/www.facebook.com\/clubgaceendekravmaga\/\" target=\"_blank\" rel=\"noopener\">Gac\u00e9<\/a><\/em><\/strong> et de <strong><em><a href=\"https:\/\/www.facebook.com\/kravmagacaen\" target=\"_blank\" rel=\"noopener\">Krav Maga Caen<\/a><\/em><\/strong>.<\/p>\n<p><strong>Samedi 18 Novembre, de 14h \u00e0 17h, au gymnase du Mesnil Mauger <\/strong>(salles les marronniers, 14270)<br \/>\nAccueil \u00e0 partir de 13h30.<br \/>\nTravail du combat en Krav Maga.<\/p>\n<p><strong>Dimanche 19 Novembre, de 10h \u00e0 12h30, \u00e0 la salle USCC Boxe \u00e0 Caen<\/strong> (Rue Jean Baptiste Colbert)<br \/>\nAccueil \u00e0 partir de 9h30.<br \/>\nTravail des D\u00e9fenses contre Couteaux.<\/p>\n<p><strong>Tarif Membre FEKM:<\/strong><br \/>\n20 euros\/1 jour ou 30 euros\/2 jours<br \/>\n<strong>Tarif<\/strong> <strong>Non membre FEKM:<\/strong><br \/>\n25 euros\/1 jour ou 40 euros\/2 jours.<\/p>\n<p>Des questions ! contactez nous : kravmagacaen@gmail.com ou <em><a href=\"https:\/\/www.facebook.com\/events\/1401670359955913\/?acontext=%7B%22ref%22%3A%2222%22%2C%22feed_story_type%22%3A%2222%22%2C%22action_history%22%3A%22null%22%7D&amp;pnref=story\" target=\"_blank\" rel=\"noopener\">Ev\u00e8nement facebook Krav Maga Caen<\/a><\/em><\/p>\n<p style=\"text-align: center;\">\u00a0<strong>&#8212;&#8212;&#8212;&#8212;&#8212;&#8212;&#8212;-<\/strong><\/p>\n<p>&nbsp;<\/p>\n<h5 id=\"travailpanuntukan2017\">Panuntukan m\u00e9thode St\u00e9phane POURRE<\/h5>\n<p><img loading=\"lazy\" decoding=\"async\" class=\"wp-image-563 alignleft\" src=\"https:\/\/kravmagacaen.com\/wp-content\/uploads\/2017\/06\/affiche-Pao-216x300.jpg\" alt=\"\" width=\"265\" height=\"368\" srcset=\"https:\/\/kravmagacaen.com\/wp-content\/uploads\/2017\/06\/affiche-Pao-216x300.jpg 216w, https:\/\/kravmagacaen.com\/wp-content\/uploads\/2017\/06\/affiche-Pao-230x319.jpg 230w, https:\/\/kravmagacaen.com\/wp-content\/uploads\/2017\/06\/affiche-Pao-350x486.jpg 350w, https:\/\/kravmagacaen.com\/wp-content\/uploads\/2017\/06\/affiche-Pao-480x666.jpg 480w, https:\/\/kravmagacaen.com\/wp-content\/uploads\/2017\/06\/affiche-Pao.jpg 692w\" sizes=\"auto, (max-width: 265px) 100vw, 265px\" \/><br \/>\nPropos\u00e9 par <strong>Christophe PAOLOZZI<\/strong>, instructeur niveau 1 PFA (Panuntukan France Association)<\/p>\n<p>Ouvert aux personnes licenci\u00e9es du club<\/p>\n<p>&nbsp;<\/p>\n<p>Date des sessions :<\/p>\n<p>Pour Octobre : le 14\/10 et 21\/10<\/p>\n<p>Pour Novembre : le 4\/11<\/p>\n<p>Pour D\u00e9cembre : le 02\/12 et le 09\/12<\/p>\n<p>A vos agendas pour noter \u00e7a !<\/p>\n<p>&nbsp;<\/p>\n<p>Suivez les news ou modifications de dates sur le groupe <em><a href=\"https:\/\/www.facebook.com\/kravmagacaen\" target=\"_blank\" rel=\"noopener\">facebook Krav Maga Caen<\/a><\/em><\/p>\n<p style=\"text-align: center;\"><strong>&#8212;&#8212;&#8212;&#8212;&#8212;&#8212;&#8212;-<\/strong><\/p>\n<p>&nbsp;<\/p>\n<h5 id=\"rentr\u00e9e2017\">La Rentr\u00e9e de Krav Maga Caen !<\/h5>\n<ul>\n<li>Pour la salle USCC, rentr\u00e9e le Lundi 11 septembre 2017, cours de 18h45 \u00e0 20h15.\n<ul>\n<li>accueil \u00e0 partir de 18h15<\/li>\n<li>certificat m\u00e9dical \u00e0 pr\u00e9voir portant la mention \u00a0 \u00ab\u00a0Apte \u00e0 la pratique du Krav Maga\u00a0\u00bb, ou \u00ab\u00a0Apte \u00e0 la pratique des Sports de Contact et d\u2019Opposition \u00ab\u00a0.<\/li>\n<li>tenue officielle (licenci\u00e9s) ou de sport (d\u00e9butants)<\/li>\n<li>bouteille d&rsquo;eau, serviettes.<\/li>\n<li>fiche d&rsquo;inscription<a href=\"https:\/\/kravmagacaen.com\/wp-content\/uploads\/2017\/06\/Inscription-KMC-2017-2018.pdf\">\u00a0Inscription KMC 2017-2018.<\/a><\/li>\n<\/ul>\n<\/li>\n<\/ul>\n<p>&nbsp;<\/p>\n<ul>\n<li>\u00a0Pour la salle Fit Caen, rentr\u00e9e le Jeudi 14 Septembre, cours de 19h \u00e0 20h30.\n<ul>\n<li>accueil \u00e0 partir de 18h45<\/li>\n<li>certificat m\u00e9dical \u00e0 pr\u00e9voir portant la mention \u00a0 \u00ab\u00a0Apte \u00e0 la pratique du Krav Maga\u00a0\u00bb, ou \u00ab\u00a0Apte \u00e0 la pratique des Sports de Contact et d\u2019Opposition \u00ab\u00a0.<\/li>\n<li>tenue officielle (licenci\u00e9s) ou de sport (d\u00e9butants)<\/li>\n<li>bouteille d&rsquo;eau, serviettes.<\/li>\n<li>fiche d&rsquo;inscription\u00a0<a href=\"https:\/\/kravmagacaen.com\/wp-content\/uploads\/2017\/06\/Inscription-KMC-2017-2018.pdf\">Inscription KMC 2017-2018<\/a>.<\/li>\n<\/ul>\n<\/li>\n<\/ul>\n<p>&nbsp;<\/p>\n<ul>\n<li>Pour d\u00e9couvrir le Krav Maga, voici notre livret f\u00e9d\u00e9ral pour d\u00e9butants.\n<ul>\n<li><a href=\"https:\/\/kravmagacaen.com\/wp-content\/uploads\/2017\/06\/Guide-Debutant-KM_screen.pdf\" target=\"_blank\" rel=\"noopener\">Guide Debutant KM_screen<\/a><\/li>\n<\/ul>\n<\/li>\n<\/ul>\n<p>&nbsp;<\/p>\n<ul>\n<li>Pour \u00eatre en forme, d\u00e9couverte ou perfectionnement de la pr\u00e9paration physique pour le Krav Maga.\n<ul>\n<li><a href=\"https:\/\/kravmagacaen.com\/wp-content\/uploads\/2017\/06\/Guide-Pr\u00e9paration-Physique.pdf\" target=\"_blank\" rel=\"noopener\">Guide Pr\u00e9paration Physique<\/a><\/li>\n<\/ul>\n<\/li>\n<\/ul>\n","protected":false},"excerpt":{"rendered":"<p>Vacances scolaire de la Toussaint 2017 &nbsp; Pas de cours du lundi 30 octobre au vendredi 3 novembre 2017 &nbsp; \u00a0&#8212;&#8212;&#8212;&#8212;&#8212;&#8212;&#8212;- &nbsp; Stage Franck CONEJERO 18\/19 novembre 2017 Second stage anim\u00e9 par Franck CONEJERO en Normandie. 2 jours de stage organis\u00e9s par les clubs du Mesnil Mauger, de Gac\u00e9 et de Krav Maga Caen. Samedi [&hellip;]<\/p>\n","protected":false},"author":1,"featured_media":0,"parent":0,"menu_order":0,"comment_status":"closed","ping_status":"closed","template":"","meta":{"_exactmetrics_skip_tracking":false,"_exactmetrics_sitenote_active":false,"_exactmetrics_sitenote_note":"","_exactmetrics_sitenote_category":0,"footnotes":""},"class_list":["post-41","page","type-page","status-publish","hentry"],"yoast_head":"<!-- This site is optimized with the Yoast SEO plugin v27.5 - https:\/\/yoast.com\/product\/yoast-seo-wordpress\/ -->\n<title>News bis - Krav Maga Caen<\/title>\n<meta name=\"robots\" content=\"index, follow, max-snippet:-1, max-image-preview:large, max-video-preview:-1\" \/>\n<link rel=\"canonical\" href=\"https:\/\/kravmagacaen.com\/index.php\/news_bis\/\" \/>\n<meta property=\"og:locale\" content=\"fr_FR\" \/>\n<meta property=\"og:type\" content=\"article\" \/>\n<meta property=\"og:title\" content=\"News bis - Krav Maga Caen\" \/>\n<meta property=\"og:description\" content=\"Vacances scolaire de la Toussaint 2017 &nbsp; Pas de cours du lundi 30 octobre au vendredi 3 novembre 2017 &nbsp; \u00a0&#8212;&#8212;&#8212;&#8212;&#8212;&#8212;&#8212;- &nbsp; Stage Franck CONEJERO 18\/19 novembre 2017 Second stage anim\u00e9 par Franck CONEJERO en Normandie. 2 jours de stage organis\u00e9s par les clubs du Mesnil Mauger, de Gac\u00e9 et de Krav Maga Caen. Samedi [&hellip;]\" \/>\n<meta property=\"og:url\" content=\"https:\/\/kravmagacaen.com\/index.php\/news_bis\/\" \/>\n<meta property=\"og:site_name\" content=\"Krav Maga Caen\" \/>\n<meta property=\"article:publisher\" content=\"https:\/\/www.facebook.com\/groups\/1646556705578289\/\" \/>\n<meta property=\"article:modified_time\" content=\"2017-11-04T10:52:53+00:00\" \/>\n<meta property=\"og:image\" content=\"https:\/\/kravmagacaen.com\/wp-content\/uploads\/2017\/06\/attention-300x250.png\" \/>\n<meta name=\"twitter:card\" content=\"summary_large_image\" \/>\n<meta name=\"twitter:label1\" content=\"Dur\u00e9e de lecture estim\u00e9e\" \/>\n\t<meta name=\"twitter:data1\" content=\"2 minutes\" \/>\n<script type=\"application\/ld+json\" class=\"yoast-schema-graph\">{\"@context\":\"https:\\\/\\\/schema.org\",\"@graph\":[{\"@type\":\"WebPage\",\"@id\":\"https:\\\/\\\/kravmagacaen.com\\\/index.php\\\/news_bis\\\/\",\"url\":\"https:\\\/\\\/kravmagacaen.com\\\/index.php\\\/news_bis\\\/\",\"name\":\"News bis - Krav Maga Caen\",\"isPartOf\":{\"@id\":\"https:\\\/\\\/kravmagacaen.com\\\/#website\"},\"primaryImageOfPage\":{\"@id\":\"https:\\\/\\\/kravmagacaen.com\\\/index.php\\\/news_bis\\\/#primaryimage\"},\"image\":{\"@id\":\"https:\\\/\\\/kravmagacaen.com\\\/index.php\\\/news_bis\\\/#primaryimage\"},\"thumbnailUrl\":\"https:\\\/\\\/kravmagacaen.com\\\/wp-content\\\/uploads\\\/2017\\\/06\\\/attention-300x250.png\",\"datePublished\":\"2017-06-27T09:00:41+00:00\",\"dateModified\":\"2017-11-04T10:52:53+00:00\",\"breadcrumb\":{\"@id\":\"https:\\\/\\\/kravmagacaen.com\\\/index.php\\\/news_bis\\\/#breadcrumb\"},\"inLanguage\":\"fr-FR\",\"potentialAction\":[{\"@type\":\"ReadAction\",\"target\":[\"https:\\\/\\\/kravmagacaen.com\\\/index.php\\\/news_bis\\\/\"]}]},{\"@type\":\"ImageObject\",\"inLanguage\":\"fr-FR\",\"@id\":\"https:\\\/\\\/kravmagacaen.com\\\/index.php\\\/news_bis\\\/#primaryimage\",\"url\":\"https:\\\/\\\/kravmagacaen.com\\\/wp-content\\\/uploads\\\/2017\\\/06\\\/attention.png\",\"contentUrl\":\"https:\\\/\\\/kravmagacaen.com\\\/wp-content\\\/uploads\\\/2017\\\/06\\\/attention.png\",\"width\":400,\"height\":333},{\"@type\":\"BreadcrumbList\",\"@id\":\"https:\\\/\\\/kravmagacaen.com\\\/index.php\\\/news_bis\\\/#breadcrumb\",\"itemListElement\":[{\"@type\":\"ListItem\",\"position\":1,\"name\":\"Accueil\",\"item\":\"https:\\\/\\\/kravmagacaen.com\\\/\"},{\"@type\":\"ListItem\",\"position\":2,\"name\":\"News bis\"}]},{\"@type\":\"WebSite\",\"@id\":\"https:\\\/\\\/kravmagacaen.com\\\/#website\",\"url\":\"https:\\\/\\\/kravmagacaen.com\\\/\",\"name\":\"Krav Maga Caen\",\"description\":\"Club affili\u00e9 \u00e0 la FEKM\",\"publisher\":{\"@id\":\"https:\\\/\\\/kravmagacaen.com\\\/#organization\"},\"potentialAction\":[{\"@type\":\"SearchAction\",\"target\":{\"@type\":\"EntryPoint\",\"urlTemplate\":\"https:\\\/\\\/kravmagacaen.com\\\/?s={search_term_string}\"},\"query-input\":{\"@type\":\"PropertyValueSpecification\",\"valueRequired\":true,\"valueName\":\"search_term_string\"}}],\"inLanguage\":\"fr-FR\"},{\"@type\":\"Organization\",\"@id\":\"https:\\\/\\\/kravmagacaen.com\\\/#organization\",\"name\":\"Krav Maga Caen USCC\",\"url\":\"https:\\\/\\\/kravmagacaen.com\\\/\",\"logo\":{\"@type\":\"ImageObject\",\"inLanguage\":\"fr-FR\",\"@id\":\"https:\\\/\\\/kravmagacaen.com\\\/#\\\/schema\\\/logo\\\/image\\\/\",\"url\":\"https:\\\/\\\/kravmagacaen.com\\\/wp-content\\\/uploads\\\/2017\\\/08\\\/poing_baptiste.jpg\",\"contentUrl\":\"https:\\\/\\\/kravmagacaen.com\\\/wp-content\\\/uploads\\\/2017\\\/08\\\/poing_baptiste.jpg\",\"width\":640,\"height\":852,\"caption\":\"Krav Maga Caen USCC\"},\"image\":{\"@id\":\"https:\\\/\\\/kravmagacaen.com\\\/#\\\/schema\\\/logo\\\/image\\\/\"},\"sameAs\":[\"https:\\\/\\\/www.facebook.com\\\/groups\\\/1646556705578289\\\/\"]}]}<\/script>\n<!-- \/ Yoast SEO plugin. -->","yoast_head_json":{"title":"News bis - Krav Maga Caen","robots":{"index":"index","follow":"follow","max-snippet":"max-snippet:-1","max-image-preview":"max-image-preview:large","max-video-preview":"max-video-preview:-1"},"canonical":"https:\/\/kravmagacaen.com\/index.php\/news_bis\/","og_locale":"fr_FR","og_type":"article","og_title":"News bis - Krav Maga Caen","og_description":"Vacances scolaire de la Toussaint 2017 &nbsp; Pas de cours du lundi 30 octobre au vendredi 3 novembre 2017 &nbsp; \u00a0&#8212;&#8212;&#8212;&#8212;&#8212;&#8212;&#8212;- &nbsp; Stage Franck CONEJERO 18\/19 novembre 2017 Second stage anim\u00e9 par Franck CONEJERO en Normandie. 2 jours de stage organis\u00e9s par les clubs du Mesnil Mauger, de Gac\u00e9 et de Krav Maga Caen. Samedi [&hellip;]","og_url":"https:\/\/kravmagacaen.com\/index.php\/news_bis\/","og_site_name":"Krav Maga Caen","article_publisher":"https:\/\/www.facebook.com\/groups\/1646556705578289\/","article_modified_time":"2017-11-04T10:52:53+00:00","og_image":[{"url":"https:\/\/kravmagacaen.com\/wp-content\/uploads\/2017\/06\/attention-300x250.png","type":"","width":"","height":""}],"twitter_card":"summary_large_image","twitter_misc":{"Dur\u00e9e de lecture estim\u00e9e":"2 minutes"},"schema":{"@context":"https:\/\/schema.org","@graph":[{"@type":"WebPage","@id":"https:\/\/kravmagacaen.com\/index.php\/news_bis\/","url":"https:\/\/kravmagacaen.com\/index.php\/news_bis\/","name":"News bis - Krav Maga Caen","isPartOf":{"@id":"https:\/\/kravmagacaen.com\/#website"},"primaryImageOfPage":{"@id":"https:\/\/kravmagacaen.com\/index.php\/news_bis\/#primaryimage"},"image":{"@id":"https:\/\/kravmagacaen.com\/index.php\/news_bis\/#primaryimage"},"thumbnailUrl":"https:\/\/kravmagacaen.com\/wp-content\/uploads\/2017\/06\/attention-300x250.png","datePublished":"2017-06-27T09:00:41+00:00","dateModified":"2017-11-04T10:52:53+00:00","breadcrumb":{"@id":"https:\/\/kravmagacaen.com\/index.php\/news_bis\/#breadcrumb"},"inLanguage":"fr-FR","potentialAction":[{"@type":"ReadAction","target":["https:\/\/kravmagacaen.com\/index.php\/news_bis\/"]}]},{"@type":"ImageObject","inLanguage":"fr-FR","@id":"https:\/\/kravmagacaen.com\/index.php\/news_bis\/#primaryimage","url":"https:\/\/kravmagacaen.com\/wp-content\/uploads\/2017\/06\/attention.png","contentUrl":"https:\/\/kravmagacaen.com\/wp-content\/uploads\/2017\/06\/attention.png","width":400,"height":333},{"@type":"BreadcrumbList","@id":"https:\/\/kravmagacaen.com\/index.php\/news_bis\/#breadcrumb","itemListElement":[{"@type":"ListItem","position":1,"name":"Accueil","item":"https:\/\/kravmagacaen.com\/"},{"@type":"ListItem","position":2,"name":"News bis"}]},{"@type":"WebSite","@id":"https:\/\/kravmagacaen.com\/#website","url":"https:\/\/kravmagacaen.com\/","name":"Krav Maga Caen","description":"Club affili\u00e9 \u00e0 la FEKM","publisher":{"@id":"https:\/\/kravmagacaen.com\/#organization"},"potentialAction":[{"@type":"SearchAction","target":{"@type":"EntryPoint","urlTemplate":"https:\/\/kravmagacaen.com\/?s={search_term_string}"},"query-input":{"@type":"PropertyValueSpecification","valueRequired":true,"valueName":"search_term_string"}}],"inLanguage":"fr-FR"},{"@type":"Organization","@id":"https:\/\/kravmagacaen.com\/#organization","name":"Krav Maga Caen USCC","url":"https:\/\/kravmagacaen.com\/","logo":{"@type":"ImageObject","inLanguage":"fr-FR","@id":"https:\/\/kravmagacaen.com\/#\/schema\/logo\/image\/","url":"https:\/\/kravmagacaen.com\/wp-content\/uploads\/2017\/08\/poing_baptiste.jpg","contentUrl":"https:\/\/kravmagacaen.com\/wp-content\/uploads\/2017\/08\/poing_baptiste.jpg","width":640,"height":852,"caption":"Krav Maga Caen USCC"},"image":{"@id":"https:\/\/kravmagacaen.com\/#\/schema\/logo\/image\/"},"sameAs":["https:\/\/www.facebook.com\/groups\/1646556705578289\/"]}]}},"_links":{"self":[{"href":"https:\/\/kravmagacaen.com\/index.php\/wp-json\/wp\/v2\/pages\/41","targetHints":{"allow":["GET"]}}],"collection":[{"href":"https:\/\/kravmagacaen.com\/index.php\/wp-json\/wp\/v2\/pages"}],"about":[{"href":"https:\/\/kravmagacaen.com\/index.php\/wp-json\/wp\/v2\/types\/page"}],"author":[{"embeddable":true,"href":"https:\/\/kravmagacaen.com\/index.php\/wp-json\/wp\/v2\/users\/1"}],"replies":[{"embeddable":true,"href":"https:\/\/kravmagacaen.com\/index.php\/wp-json\/wp\/v2\/comments?post=41"}],"version-history":[{"count":0,"href":"https:\/\/kravmagacaen.com\/index.php\/wp-json\/wp\/v2\/pages\/41\/revisions"}],"wp:attachment":[{"href":"https:\/\/kravmagacaen.com\/index.php\/wp-json\/wp\/v2\/media?parent=41"}],"curies":[{"name":"wp","href":"https:\/\/api.w.org\/{rel}","templated":true}]}}