{"id":483,"date":"2017-09-02T11:47:13","date_gmt":"2017-09-02T09:47:13","guid":{"rendered":"https:\/\/kravmagacaen.com\/?page_id=483"},"modified":"2025-07-14T17:21:49","modified_gmt":"2025-07-14T15:21:49","slug":"videos","status":"publish","type":"page","link":"https:\/\/kravmagacaen.com\/index.php\/videos\/","title":{"rendered":"Vid\u00e9os"},"content":{"rendered":"<ul>\n<li><strong>Le Krav Maga FEKM, enseign\u00e9 dans notre club Krav Maga Caen, c&rsquo;est une m\u00e9thode r\u00e9aliste et pragmatique de Self D\u00e9fense, mais aussi et surtout une m\u00e9thode de Combat.<\/strong><\/li>\n<\/ul>\n<p><iframe loading=\"lazy\" width=\"1170\" height=\"658\" src=\"https:\/\/www.youtube.com\/embed\/9I-QB_hN1rY?feature=oembed\" frameborder=\"0\" allow=\"accelerometer; autoplay; encrypted-media; gyroscope; picture-in-picture\" allowfullscreen><\/iframe><\/p>\n<ul>\n<li><strong>Le Krav Maga mis en application par Krav Maga Rive Gauche<\/strong><\/li>\n<\/ul>\n<p><iframe loading=\"lazy\" width=\"1170\" height=\"658\" src=\"https:\/\/www.youtube.com\/embed\/e9lUygdDUW4?feature=oembed\" frameborder=\"0\" allow=\"accelerometer; autoplay; encrypted-media; gyroscope; picture-in-picture\" allowfullscreen><\/iframe><\/p>\n<ul>\n<li><strong>Le Krav Maga FEKM en d\u00e9monstration au festival des Arts Martiaux 2015.<\/strong><\/li>\n<\/ul>\n<p><iframe loading=\"lazy\" width=\"1170\" height=\"658\" src=\"https:\/\/www.youtube.com\/embed\/ELdI3PU0Yws?feature=oembed\" frameborder=\"0\" allow=\"accelerometer; autoplay; encrypted-media; gyroscope; picture-in-picture\" allowfullscreen><\/iframe><\/p>\n<ul>\n<li><strong>Quelques conseils de Pr\u00e9paration Physique Sp\u00e9cifique\/Vid\u00e9o du Guide de Pr\u00e9paration Physique.<\/strong><\/li>\n<\/ul>\n<p><iframe loading=\"lazy\" width=\"1170\" height=\"658\" src=\"https:\/\/www.youtube.com\/embed\/pGsrNdvQBuo?start=383&#038;feature=oembed\" frameborder=\"0\" allow=\"accelerometer; autoplay; encrypted-media; gyroscope; picture-in-picture\" allowfullscreen><\/iframe><\/p>\n","protected":false},"excerpt":{"rendered":"<p>Le Krav Maga FEKM, enseign\u00e9 dans notre club Krav Maga Caen, c&rsquo;est une m\u00e9thode r\u00e9aliste et pragmatique de Self D\u00e9fense, mais aussi et surtout une m\u00e9thode de Combat. Le Krav Maga mis en application par Krav Maga Rive Gauche Le Krav Maga FEKM en d\u00e9monstration au festival des Arts Martiaux 2015. Quelques conseils de Pr\u00e9paration [&hellip;]<\/p>\n","protected":false},"author":1,"featured_media":0,"parent":0,"menu_order":0,"comment_status":"closed","ping_status":"closed","template":"","meta":{"_exactmetrics_skip_tracking":false,"_exactmetrics_sitenote_active":false,"_exactmetrics_sitenote_note":"","_exactmetrics_sitenote_category":0,"footnotes":""},"class_list":["post-483","page","type-page","status-publish","hentry"],"yoast_head":"<!-- This site is optimized with the Yoast SEO plugin v27.4 - https:\/\/yoast.com\/product\/yoast-seo-wordpress\/ -->\n<title>Vid\u00e9os - Krav Maga Caen<\/title>\n<meta name=\"robots\" content=\"index, follow, max-snippet:-1, max-image-preview:large, max-video-preview:-1\" \/>\n<link rel=\"canonical\" href=\"https:\/\/kravmagacaen.com\/index.php\/videos\/\" \/>\n<meta property=\"og:locale\" content=\"fr_FR\" \/>\n<meta property=\"og:type\" content=\"article\" \/>\n<meta property=\"og:title\" content=\"Vid\u00e9os - Krav Maga Caen\" \/>\n<meta property=\"og:description\" content=\"Le Krav Maga FEKM, enseign\u00e9 dans notre club Krav Maga Caen, c&rsquo;est une m\u00e9thode r\u00e9aliste et pragmatique de Self D\u00e9fense, mais aussi et surtout une m\u00e9thode de Combat. Le Krav Maga mis en application par Krav Maga Rive Gauche Le Krav Maga FEKM en d\u00e9monstration au festival des Arts Martiaux 2015. Quelques conseils de Pr\u00e9paration [&hellip;]\" \/>\n<meta property=\"og:url\" content=\"https:\/\/kravmagacaen.com\/index.php\/videos\/\" \/>\n<meta property=\"og:site_name\" content=\"Krav Maga Caen\" \/>\n<meta property=\"article:publisher\" content=\"https:\/\/www.facebook.com\/groups\/1646556705578289\/\" \/>\n<meta property=\"article:modified_time\" content=\"2025-07-14T15:21:49+00:00\" \/>\n<meta name=\"twitter:card\" content=\"summary_large_image\" \/>\n<meta name=\"twitter:label1\" content=\"Dur\u00e9e de lecture estim\u00e9e\" \/>\n\t<meta name=\"twitter:data1\" content=\"1 minute\" \/>\n<script type=\"application\/ld+json\" class=\"yoast-schema-graph\">{\"@context\":\"https:\\\/\\\/schema.org\",\"@graph\":[{\"@type\":\"WebPage\",\"@id\":\"https:\\\/\\\/kravmagacaen.com\\\/index.php\\\/videos\\\/\",\"url\":\"https:\\\/\\\/kravmagacaen.com\\\/index.php\\\/videos\\\/\",\"name\":\"Vid\u00e9os - Krav Maga Caen\",\"isPartOf\":{\"@id\":\"https:\\\/\\\/kravmagacaen.com\\\/#website\"},\"datePublished\":\"2017-09-02T09:47:13+00:00\",\"dateModified\":\"2025-07-14T15:21:49+00:00\",\"breadcrumb\":{\"@id\":\"https:\\\/\\\/kravmagacaen.com\\\/index.php\\\/videos\\\/#breadcrumb\"},\"inLanguage\":\"fr-FR\",\"potentialAction\":[{\"@type\":\"ReadAction\",\"target\":[\"https:\\\/\\\/kravmagacaen.com\\\/index.php\\\/videos\\\/\"]}]},{\"@type\":\"BreadcrumbList\",\"@id\":\"https:\\\/\\\/kravmagacaen.com\\\/index.php\\\/videos\\\/#breadcrumb\",\"itemListElement\":[{\"@type\":\"ListItem\",\"position\":1,\"name\":\"Accueil\",\"item\":\"https:\\\/\\\/kravmagacaen.com\\\/\"},{\"@type\":\"ListItem\",\"position\":2,\"name\":\"Vid\u00e9os\"}]},{\"@type\":\"WebSite\",\"@id\":\"https:\\\/\\\/kravmagacaen.com\\\/#website\",\"url\":\"https:\\\/\\\/kravmagacaen.com\\\/\",\"name\":\"Krav Maga Caen\",\"description\":\"Club affili\u00e9 \u00e0 la FEKM\",\"publisher\":{\"@id\":\"https:\\\/\\\/kravmagacaen.com\\\/#organization\"},\"potentialAction\":[{\"@type\":\"SearchAction\",\"target\":{\"@type\":\"EntryPoint\",\"urlTemplate\":\"https:\\\/\\\/kravmagacaen.com\\\/?s={search_term_string}\"},\"query-input\":{\"@type\":\"PropertyValueSpecification\",\"valueRequired\":true,\"valueName\":\"search_term_string\"}}],\"inLanguage\":\"fr-FR\"},{\"@type\":\"Organization\",\"@id\":\"https:\\\/\\\/kravmagacaen.com\\\/#organization\",\"name\":\"Krav Maga Caen USCC\",\"url\":\"https:\\\/\\\/kravmagacaen.com\\\/\",\"logo\":{\"@type\":\"ImageObject\",\"inLanguage\":\"fr-FR\",\"@id\":\"https:\\\/\\\/kravmagacaen.com\\\/#\\\/schema\\\/logo\\\/image\\\/\",\"url\":\"https:\\\/\\\/kravmagacaen.com\\\/wp-content\\\/uploads\\\/2017\\\/08\\\/poing_baptiste.jpg\",\"contentUrl\":\"https:\\\/\\\/kravmagacaen.com\\\/wp-content\\\/uploads\\\/2017\\\/08\\\/poing_baptiste.jpg\",\"width\":640,\"height\":852,\"caption\":\"Krav Maga Caen USCC\"},\"image\":{\"@id\":\"https:\\\/\\\/kravmagacaen.com\\\/#\\\/schema\\\/logo\\\/image\\\/\"},\"sameAs\":[\"https:\\\/\\\/www.facebook.com\\\/groups\\\/1646556705578289\\\/\"]}]}<\/script>\n<!-- \/ Yoast SEO plugin. -->","yoast_head_json":{"title":"Vid\u00e9os - Krav Maga Caen","robots":{"index":"index","follow":"follow","max-snippet":"max-snippet:-1","max-image-preview":"max-image-preview:large","max-video-preview":"max-video-preview:-1"},"canonical":"https:\/\/kravmagacaen.com\/index.php\/videos\/","og_locale":"fr_FR","og_type":"article","og_title":"Vid\u00e9os - Krav Maga Caen","og_description":"Le Krav Maga FEKM, enseign\u00e9 dans notre club Krav Maga Caen, c&rsquo;est une m\u00e9thode r\u00e9aliste et pragmatique de Self D\u00e9fense, mais aussi et surtout une m\u00e9thode de Combat. Le Krav Maga mis en application par Krav Maga Rive Gauche Le Krav Maga FEKM en d\u00e9monstration au festival des Arts Martiaux 2015. Quelques conseils de Pr\u00e9paration [&hellip;]","og_url":"https:\/\/kravmagacaen.com\/index.php\/videos\/","og_site_name":"Krav Maga Caen","article_publisher":"https:\/\/www.facebook.com\/groups\/1646556705578289\/","article_modified_time":"2025-07-14T15:21:49+00:00","twitter_card":"summary_large_image","twitter_misc":{"Dur\u00e9e de lecture estim\u00e9e":"1 minute"},"schema":{"@context":"https:\/\/schema.org","@graph":[{"@type":"WebPage","@id":"https:\/\/kravmagacaen.com\/index.php\/videos\/","url":"https:\/\/kravmagacaen.com\/index.php\/videos\/","name":"Vid\u00e9os - Krav Maga Caen","isPartOf":{"@id":"https:\/\/kravmagacaen.com\/#website"},"datePublished":"2017-09-02T09:47:13+00:00","dateModified":"2025-07-14T15:21:49+00:00","breadcrumb":{"@id":"https:\/\/kravmagacaen.com\/index.php\/videos\/#breadcrumb"},"inLanguage":"fr-FR","potentialAction":[{"@type":"ReadAction","target":["https:\/\/kravmagacaen.com\/index.php\/videos\/"]}]},{"@type":"BreadcrumbList","@id":"https:\/\/kravmagacaen.com\/index.php\/videos\/#breadcrumb","itemListElement":[{"@type":"ListItem","position":1,"name":"Accueil","item":"https:\/\/kravmagacaen.com\/"},{"@type":"ListItem","position":2,"name":"Vid\u00e9os"}]},{"@type":"WebSite","@id":"https:\/\/kravmagacaen.com\/#website","url":"https:\/\/kravmagacaen.com\/","name":"Krav Maga Caen","description":"Club affili\u00e9 \u00e0 la FEKM","publisher":{"@id":"https:\/\/kravmagacaen.com\/#organization"},"potentialAction":[{"@type":"SearchAction","target":{"@type":"EntryPoint","urlTemplate":"https:\/\/kravmagacaen.com\/?s={search_term_string}"},"query-input":{"@type":"PropertyValueSpecification","valueRequired":true,"valueName":"search_term_string"}}],"inLanguage":"fr-FR"},{"@type":"Organization","@id":"https:\/\/kravmagacaen.com\/#organization","name":"Krav Maga Caen USCC","url":"https:\/\/kravmagacaen.com\/","logo":{"@type":"ImageObject","inLanguage":"fr-FR","@id":"https:\/\/kravmagacaen.com\/#\/schema\/logo\/image\/","url":"https:\/\/kravmagacaen.com\/wp-content\/uploads\/2017\/08\/poing_baptiste.jpg","contentUrl":"https:\/\/kravmagacaen.com\/wp-content\/uploads\/2017\/08\/poing_baptiste.jpg","width":640,"height":852,"caption":"Krav Maga Caen USCC"},"image":{"@id":"https:\/\/kravmagacaen.com\/#\/schema\/logo\/image\/"},"sameAs":["https:\/\/www.facebook.com\/groups\/1646556705578289\/"]}]}},"_links":{"self":[{"href":"https:\/\/kravmagacaen.com\/index.php\/wp-json\/wp\/v2\/pages\/483","targetHints":{"allow":["GET"]}}],"collection":[{"href":"https:\/\/kravmagacaen.com\/index.php\/wp-json\/wp\/v2\/pages"}],"about":[{"href":"https:\/\/kravmagacaen.com\/index.php\/wp-json\/wp\/v2\/types\/page"}],"author":[{"embeddable":true,"href":"https:\/\/kravmagacaen.com\/index.php\/wp-json\/wp\/v2\/users\/1"}],"replies":[{"embeddable":true,"href":"https:\/\/kravmagacaen.com\/index.php\/wp-json\/wp\/v2\/comments?post=483"}],"version-history":[{"count":5,"href":"https:\/\/kravmagacaen.com\/index.php\/wp-json\/wp\/v2\/pages\/483\/revisions"}],"predecessor-version":[{"id":3108,"href":"https:\/\/kravmagacaen.com\/index.php\/wp-json\/wp\/v2\/pages\/483\/revisions\/3108"}],"wp:attachment":[{"href":"https:\/\/kravmagacaen.com\/index.php\/wp-json\/wp\/v2\/media?parent=483"}],"curies":[{"name":"wp","href":"https:\/\/api.w.org\/{rel}","templated":true}]}}

Vidéos

<ul>
<li><strong>Le Krav Maga FEKM, enseigné dans notre club Krav Maga Caen, c&rsquo;est une méthode réaliste et pragmatique de Self Défense, mais aussi et surtout une méthode de Combat.</strong></li>
</ul>
<p><iframe loading="lazy" width="1170" height="658" src="https://www.youtube.com/embed/9I-QB_hN1rY?feature=oembed" frameborder="0" allow="accelerometer; autoplay; encrypted-media; gyroscope; picture-in-picture" allowfullscreen></iframe></p>
<ul>
<li><strong>Le Krav Maga mis en application par Krav Maga Rive Gauche</strong></li>
</ul>
<p><iframe loading="lazy" width="1170" height="658" src="https://www.youtube.com/embed/e9lUygdDUW4?feature=oembed" frameborder="0" allow="accelerometer; autoplay; encrypted-media; gyroscope; picture-in-picture" allowfullscreen></iframe></p>
<ul>
<li><strong>Le Krav Maga FEKM en démonstration au festival des Arts Martiaux 2015.</strong></li>
</ul>
<p><iframe loading="lazy" width="1170" height="658" src="https://www.youtube.com/embed/ELdI3PU0Yws?feature=oembed" frameborder="0" allow="accelerometer; autoplay; encrypted-media; gyroscope; picture-in-picture" allowfullscreen></iframe></p>
<ul>
<li><strong>Quelques conseils de Préparation Physique Spécifique/Vidéo du Guide de Préparation Physique.</strong></li>
</ul>
<p><iframe loading="lazy" width="1170" height="658" src="https://www.youtube.com/embed/pGsrNdvQBuo?start=383&#038;feature=oembed" frameborder="0" allow="accelerometer; autoplay; encrypted-media; gyroscope; picture-in-picture" allowfullscreen></iframe></p>

<p>Le Krav Maga FEKM, enseigné dans notre club Krav Maga Caen, c&rsquo;est une méthode réaliste et pragmatique de Self Défense, mais aussi et surtout une méthode de Combat. Le Krav Maga mis en application par Krav Maga Rive Gauche Le Krav Maga FEKM en démonstration au festival des Arts Martiaux 2015. Quelques conseils de Préparation [&hellip;]</p>

<!-- This site is optimized with the Yoast SEO plugin v27.4 - https://yoast.com/product/yoast-seo-wordpress/ -->
<title>Vidéos - Krav Maga Caen</title>
<meta name="robots" content="index, follow, max-snippet:-1, max-image-preview:large, max-video-preview:-1" />
<link rel="canonical" href="https://kravmagacaen.com/index.php/videos/" />
<meta property="og:locale" content="fr_FR" />
<meta property="og:type" content="article" />
<meta property="og:title" content="Vidéos - Krav Maga Caen" />
<meta property="og:description" content="Le Krav Maga FEKM, enseigné dans notre club Krav Maga Caen, c&rsquo;est une méthode réaliste et pragmatique de Self Défense, mais aussi et surtout une méthode de Combat. Le Krav Maga mis en application par Krav Maga Rive Gauche Le Krav Maga FEKM en démonstration au festival des Arts Martiaux 2015. Quelques conseils de Préparation [&hellip;]" />
<meta property="og:url" content="https://kravmagacaen.com/index.php/videos/" />
<meta property="og:site_name" content="Krav Maga Caen" />
<meta property="article:publisher" content="https://www.facebook.com/groups/1646556705578289/" />
<meta property="article:modified_time" content="2025-07-14T15:21:49+00:00" />
<meta name="twitter:card" content="summary_large_image" />
<meta name="twitter:label1" content="Durée de lecture estimée" />
	<meta name="twitter:data1" content="1 minute" />
<script type="application/ld+json" class="yoast-schema-graph">{"@context":"https:\/\/schema.org","@graph":[{"@type":"WebPage","@id":"https:\/\/kravmagacaen.com\/index.php\/videos\/","url":"https:\/\/kravmagacaen.com\/index.php\/videos\/","name":"Vidéos - Krav Maga Caen","isPartOf":{"@id":"https:\/\/kravmagacaen.com\/#website"},"datePublished":"2017-09-02T09:47:13+00:00","dateModified":"2025-07-14T15:21:49+00:00","breadcrumb":{"@id":"https:\/\/kravmagacaen.com\/index.php\/videos\/#breadcrumb"},"inLanguage":"fr-FR","potentialAction":[{"@type":"ReadAction","target":["https:\/\/kravmagacaen.com\/index.php\/videos\/"]}]},{"@type":"BreadcrumbList","@id":"https:\/\/kravmagacaen.com\/index.php\/videos\/#breadcrumb","itemListElement":[{"@type":"ListItem","position":1,"name":"Accueil","item":"https:\/\/kravmagacaen.com\/"},{"@type":"ListItem","position":2,"name":"Vidéos"}]},{"@type":"WebSite","@id":"https:\/\/kravmagacaen.com\/#website","url":"https:\/\/kravmagacaen.com\/","name":"Krav Maga Caen","description":"Club affilié à la FEKM","publisher":{"@id":"https:\/\/kravmagacaen.com\/#organization"},"potentialAction":[{"@type":"SearchAction","target":{"@type":"EntryPoint","urlTemplate":"https:\/\/kravmagacaen.com\/?s={search_term_string}"},"query-input":{"@type":"PropertyValueSpecification","valueRequired":true,"valueName":"search_term_string"}}],"inLanguage":"fr-FR"},{"@type":"Organization","@id":"https:\/\/kravmagacaen.com\/#organization","name":"Krav Maga Caen USCC","url":"https:\/\/kravmagacaen.com\/","logo":{"@type":"ImageObject","inLanguage":"fr-FR","@id":"https:\/\/kravmagacaen.com\/#\/schema\/logo\/image\/","url":"https:\/\/kravmagacaen.com\/wp-content\/uploads\/2017\/08\/poing_baptiste.jpg","contentUrl":"https:\/\/kravmagacaen.com\/wp-content\/uploads\/2017\/08\/poing_baptiste.jpg","width":640,"height":852,"caption":"Krav Maga Caen USCC"},"image":{"@id":"https:\/\/kravmagacaen.com\/#\/schema\/logo\/image\/"},"sameAs":["https:\/\/www.facebook.com\/groups\/1646556705578289\/"]}]}</script>
<!-- / Yoast SEO plugin. -->

Vidéos - Krav Maga Caen

Le Krav Maga FEKM, enseigné dans notre club Krav Maga Caen, c&rsquo;est une méthode réaliste et pragmatique de Self Défense, mais aussi et surtout une méthode de Combat. Le Krav Maga mis en application par Krav Maga Rive Gauche Le Krav Maga FEKM en démonstration au festival des Arts Martiaux 2015. Quelques conseils de Préparation [&hellip;]

Club affilié à la FEKM
